7?
3, 17299
List the prime factors of 1755610.
2, 5, 419
What are the prime factors of 8650111?
19, 455269
What are the prime factors of 17019390?
2, 3, 5, 397, 1429
List the prime factors of 5787679.
151, 38329
List the prime factors of 1984450.
2, 5, 13, 43, 71
List the prime factors of 773386.
2, 386693
What are the prime factors of 968272?
2, 73, 829
What are the prime factors of 3993063?
3, 1031, 1291
List the prime factors of 2238331.
467, 4793
What are the prime factors of 381589?
13, 149, 197
List the prime factors of 903145.
5, 180629
List the prime factors of 419356.
2, 7, 17, 881
List the prime factors of 1583639.
797, 1987
What are the prime factors of 59892?
2, 3, 7, 23, 31
What are the prime factors of 1377365?
5, 11, 79, 317
List the prime factors of 26001.
3, 107
What are the prime factors of 2121295?
5, 11, 38569
List the prime factors of 6923.
7, 23, 43
List the prime factors of 203180.
2, 5, 10159
List the prime factors of 9827745.
3, 5, 103, 6361
What are the prime factors of 1811520?
2, 3, 5, 17, 37
What are the prime factors of 1039792?
2, 13, 4999
List the prime factors of 6135210.
2, 3, 5, 31, 733
List the prime factors of 5062047.
3, 23, 73363
List the prime factors of 4434195.
3, 5, 17, 17389
List the prime factors of 603487.
603487
What are the prime factors of 8780830?
2, 5, 878083
List the prime factors of 333791.
333791
What are the prime factors of 1547491?
11, 140681
List the prime factors of 154834.
2, 77417
What are the prime factors of 1318450?
2, 5, 7, 3767
What are the prime factors of 28119916?
2, 11, 58099
What are the prime factors of 152397?
3, 7, 41, 59
List the prime factors of 27675438.
2, 3, 7, 19, 79, 439
List the prime factors of 8884939.
7, 281, 4517
What are the prime factors of 6891346?
2, 7, 11, 73, 613
List the prime factors of 2321102.
2, 7, 29, 5717
What are the prime factors of 10466885?
5, 11, 13, 14639
List the prime factors of 1697027.
1697027
What are the prime factors of 894722?
2, 31, 14431
What are the prime factors of 5189490?
2, 3, 5, 23, 109
List the prime factors of 1227784.
2, 167, 919
What are the prime factors of 81919?
81919
List the prime factors of 3407371.
11, 157, 1973
What are the prime factors of 8934864?
2, 3, 19, 97, 101
What are the prime factors of 44800?
2, 5, 7
List the prime factors of 41350.
2, 5, 827
What are the prime factors of 3764334?
2, 3, 7, 89627
What are the prime factors of 233334?
2, 3, 29, 149
What are the prime factors of 15868604?
2, 83, 47797
List the prime factors of 2435910.
2, 3, 5, 81197
What are the prime factors of 14455379?
53, 107, 2549
What are the prime factors of 9121497?
3, 7, 11, 5641
What are the prime factors of 673780?
2, 5, 59, 571
What are the prime factors of 3546242?
2, 7, 439, 577
List the prime factors of 2102223.
3, 23, 30467
List the prime factors of 2058434.
2, 7, 147031
List the prime factors of 2915124.
2, 3, 242927
What are the prime factors of 1131163?
11, 17, 23, 263
List the prime factors of 513152.
2, 19, 211
What are the prime factors of 2244844?
2, 7, 80173
What are the prime factors of 391091?
103, 3797
List the prime factors of 3303679.
3303679
What are the prime factors of 4542886?
2, 2271443
List the prime factors of 3804828.
2, 3, 313, 1013
List the prime factors of 25160037.
3, 7, 37, 32381
What are the prime factors of 5145530?
2, 5, 13, 39581
List the prime factors of 127734.
2, 3, 61, 349
What are the prime factors of 5418556?
2, 11, 13, 9473
What are the prime factors of 85595?
5, 17, 19, 53
List the prime factors of 434478.
2, 3, 11, 29, 227
What are the prime factors of 2183225?
5, 11, 17, 467
List the prime factors of 5192986.
2, 23, 79, 1429
List the prime factors of 1246865.
5, 17, 14669
List the prime factors of 1479710.
2, 5, 73, 2027
List the prime factors of 14147576.
2, 23, 3343
What are the prime factors of 127805?
5, 25561
List the prime factors of 470384.
2, 29399
What are the prime factors of 1195821?
3, 11, 47, 257
List the prime factors of 1007554.
2, 503777
List the prime factors of 9464727.
3, 41, 76949
What are the prime factors of 5216153?
31, 168263
List the prime factors of 4616845.
5, 923369
What are the prime factors of 196867?
11, 1627
What are the prime factors of 219493?
103, 2131
What are the prime factors of 511310?
2, 5, 51131
List the prime factors of 22360085.
5, 11, 406547
What are the prime factors of 335856?
2, 3, 6997
List the prime factors of 530247.
3, 17, 37, 281
What are the prime factors of 515928?
2, 3, 7, 37, 83
What are the prime factors of 202712?
2, 25339
List the prime factors of 221315.
5, 44263
List the prime factors of 918935.
5, 17, 19, 569
List the prime factors of 403228.
2, 7, 14401
What are the prime factors of 293080?
2, 5, 17, 431
What are the prime factors of 6004042?
2, 11, 272911
What are the prime factors of 13193613?
3, 1465957
List the prime factors of 16752881.
67, 250043
What are the prime factors of 1821205?
5, 364241
What are the prime factors of 213954?
2, 3, 13, 211
What are the prime factors of 635532?
2, 3, 211, 251
List the prime factors of 2517368.
2, 7, 44953
What are the prime factors of 821683?
71, 163
List the prime factors of 615459.
3, 13, 43, 367
What are the prime factors of 424095?
3, 5, 7, 577
List the prime factors of 247947.
3, 7, 11807
List the prime factors of 837330.
2, 3, 5, 13, 19, 113
List the prime factors of 1639255.
5, 327851
List the prime factors of 274626.
2, 3, 11, 19, 73
What are the prime factors of 304808?
2, 7, 5443
List the prime factors of 2414158.
2, 1207079
What are the prime factors of 33200089?
13, 2553853
List the prime factors of 5510910.
2, 3, 5, 183697
List the prime factors of 1182907.
11, 53, 2029
What are the prime factors of 601335?
3, 5, 7, 23, 83
What are the prime factors of 429213?
3, 173, 827
What are the prime factors of 122331?
3, 11, 337
List the prime factors of 2266650.
2, 3, 5, 23, 73
List the prime factors of 2084065.
5, 61, 6833
What are the prime factors of 11138080?
2, 5, 67, 1039
List the prime factors of 717734.
2, 358867
What are the prime factors of 416039?
13, 32003
What are the prime factors of 6240747?
3, 211, 9859
What are the prime factors of 1830082?
2, 915041
What are the prime factors of 11659540?
2, 5, 19, 61, 503
List the prime factors of 2864657.
2864657
What are the prime factors of 411724?
2, 102931
What are the prime factors of 253077?
3, 11, 7669
What are the prime factors of 8305251?
3, 2768417
List the prime factors of 337205.
5, 11, 6131
What are the prime factors of 3556252?
2, 7, 107, 1187
What are the prime factors of 283232?
2, 53, 167
What are the prime factors of 918692?
2, 241, 953
List the prime factors of 2982752.
2, 17, 5483
List the prime factors of 1297314.
2, 3, 72073
List the prime factors of 2765453.
2765453
List the prime factors of 339250.
2, 5, 23, 59
List the prime factors of 2078913.
3, 17, 40763
What are the prime factors of 7525?
5, 7, 43
List the prime factors of 2048706.
2, 3, 11, 3449
What are the prime factors of 3189494?
2, 7, 11, 139, 149
List the prime factors of 757202.
2, 378601
What are the prime factors of 9034994?
2, 19, 237763
List the prime factors of 966005.
5, 193201
What are the prime factors of 5842662?
2, 3, 7, 17, 167
What are the prime factors of 402296?
2, 50287
List the prime factors of 685215.
3, 5, 15227
List the prime factors of 1859960.
2, 5, 46499
What are the prime factors of 547411?
547411
What are the prime factors of 1173455?
5, 37, 6343
List the prime factors of 147147.
3, 7, 11, 13
What are the prime factors of 235372?
2, 19, 163
List the prime factors of 316095.
3, 5, 13, 1621
What are the prime factors of 8757281?
13, 673637
List the prime factors of 11056727.
11, 19, 52903
What are the prime factors of 252754?
2, 43, 2939
List the prime factors of 23819983.
11, 2165453
What are the prime factors of 203610?
2, 3, 5, 11, 617
What are the prime factors of 12319011?
3, 19, 61, 1181
What are the prime factors of 1851792?
2, 3, 173, 223
List the prime factors of 2487711.
3, 829237
What are the prime factors of 730502?
2, 365251
What are the prime factors of 5166300?
2, 3, 5, 17, 1013
List the prime factors of 635522.
2, 197, 1613
List the prime factors of 4809912.
2, 3, 17, 11789
What are the pri